Let k(j) = 5*j**3 - 3*j**2 + 17*j - 9. Calculate k(4).
331
Let u(j) = j**3 + 14*j**2 + 52*j + 118. What is u(-10)?
-2
Let y(c) = -3*c**3 + 216*c**2 - 3889*c + 43. Give y(36).
7
Let c(v) = v**2 + 21*v - 472. What is c(-35)?
18
Let b(d) = -90*d + 11. What is b(5)?
-439
Let c(h) = -3*h**2 - h + 117. Give c(7).
-37
Let f(t) = 35*t - 247. Give f(11).
138
Let u(y) = -12*y - 262. Determine u(-10).
-142
Let r(s) = -575*s - 51173. Calculate r(-89).
2
Let z(d) = -7*d**2 - 18*d + 37. Give z(5).
-228
Let p(t) = 219*t + 3067. Determine p(-14).
1
Let h(m) = -2*m**2 + 86*m - 5. Determine h(43).
-5
Let q(s) = 96*s + 4572. Determine q(-47).
60
Let q(w) = -5*w**3 - 4*w**2 + 56*w - 76. What is q(2)?
-20
Let a(g) = 1971*g - 7902. Determine a(4).
-18
Let c(l) = -21*l - 1. What is c(8)?
-169
Let f(l) = l**3 + 6*l**2 + 9*l - 19. Determine f(3).
89
Let a(d) = 3*d**3 - 33*d**2 + 2*d - 49. Calculate a(11).
-27
Let l(z) = -z**3 + 54*z**2 - 329*z + 1. What is l(47)?
1
Let c(w) = -1837*w + 11003. Determine c(6).
-19
Let s(o) = o**2 + 91*o + 1723. What is s(-27)?
-5
Let j(c) = 1127*c + 1120. Determine j(-1).
-7
Let z(w) = -4*w**3 - 589*w**2 - 145*w + 289. What is z(-147)?
-5
Let q(y) = 6*y**2 + 142*y - 59. Calculate q(-24).
-11
Let d(q) = -q**2 + 44*q - 503. Determine d(20).
-23
Let o(k) = 205*k - 1647. Determine o(8).
-7
Let g(n) = 2*n**2 + 88*n + 176. What is g(-2)?
8
Let w(j) = j**3 + 8*j**2 + 10*j - 12. What is w(-6)?
0
Let b(t) = -4*t + 37. What is b(34)?
-99
Let z(v) = -3*v**2 + 16*v + 21. Give z(8).
-43
Let i(n) = n**3 + 16*n**2 - 37*n + 96. Calculate i(-18).
114
Let c(u) = -u**2 + 191*u + 1607. Give c(-8).
15
Let n(i) = -i**3 - 78*i**2 + 157*i - 96. Determine n(-80).
144
Let b(d) = 233*d + 2345. Calculate b(-10).
15
Let x(r) = 8*r**2 - 872*r + 1. What is x(109)?
1
Let r(a) = 7*a + 89. Calculate r(-5).
54
Let n(g) = 13*g - 214. Give n(17).
7
Let b(t) = -4*t**3 + 71*t**2 - 13*t + 37. Give b(18).
-521
Let o(m) = -2*m**3 + 25*m**2 + 10*m + 46. Determine o(13).
7
Let h(b) = -b**2 + 5*b + 59. Give h(9).
23
Let z(k) = -484*k - 9. What is z(0)?
-9
Let u(n) = -n**2 + 42*n - 190. What is u(29)?
187
Let m(r) = 314*r + 4079. What is m(-13)?
-3
Let s(y) = -609*y + 10977. Calculate s(18).
15
Let w(l) = 22*l + 1363. What is w(-61)?
21
Let v(y) = y**3 - 12*y**2 + 74*y - 283. Determine v(7).
-10
Let n(b) = -9*b**2 + 39*b - 115. Give n(3).
-79
Let i(q) = -42*q**2 - 584*q + 54. Give i(-14).
-2
Let x(u) = 5*u**2 - 43*u - 19. Calculate x(6).
-97
Let w(x) = 2*x**2 + 222*x + 3632. Give w(-91).
-8
Let n(c) = -2*c**2 - 140*c - 2350. Determine n(-42).
2
Let m(u) = -u**3 - 89*u**2 + 381*u + 10. Give m(-93).
-827
Let u(v) = -v**2 + 24*v + 430. Give u(35).
45
Let w(n) = -30*n + 196. Give w(2).
136
Let b(w) = 67*w**2 + 13*w - 33. Give b(2).
261
Let c(t) = -14*t + 174. Calculate c(14).
-22
Let a(c) = 3*c**2 + 2*c + 31. Determine a(-6).
127
Let j(p) = 3*p**2 + 155*p - 19. What is j(-50)?
-269
Let s(g) = 72*g**2 - 10*g + 12. What is s(1)?
74
Let o(d) = -4503*d + 13476. Determine o(3).
-33
Let x(p) = 67*p**2 - 6307*p + 859. Determine x(94).
13
Let u(q) = q**2 - 13*q - 150. Calculate u(22).
48
Let d(l) = -2*l**3 - 31*l**2 + 135*l - 17. Determine d(-19).
-55
Let m(j) = -4*j**2 - 89*j + 887. Give m(9).
-238
Let w(k) = 2*k + 54. Give w(7).
68
Let n(j) = -j**3 + 23*j**2 - 2*j + 55. Calculate n(23).
9
Let n(s) = -130*s + 7742. Calculate n(59).
72
Let y(i) = 2*i**3 + 5*i**2 - 408*i + 120. Calculate y(13).
55
Let y(f) = -8*f**2 - 74*f - 80. What is y(-8)?
0
Let z(x) = -x**2 + 149*x + 2066. Give z(-13).
-40
Let m(s) = -s**2 - 989*s - 8779. Determine m(-9).
41
Let l(n) = -76*n - 120. Calculate l(3).
-348
Let c(t) = 5*t**3 + 4*t**2 - 44*t - 89. Give c(0).
-89
Let a(f) = 559*f**3 + 6*f**2 - f - 3. Give a(1).
561
Let f(u) = -23*u**2 + 1539*u + 65. What is f(67)?
-69
Let a(k) = -k**3 + 29*k**2 + 31*k - 4. Give a(30).
26
Let k(z) = -44*z - 96. Give k(-10).
344
Let l(r) = r**2 + 194*r + 4782. Determine l(-29).
-3
Let w(u) = 8*u**2 + 42*u - 4. Calculate w(-3).
-58
Let s(y) = 2*y**3 + 2*y**2 - 19*y + 7. Calculate s(4).
91
Let u(p) = p**2 + 29*p + 232. Determine u(-23).
94
Let l(o) = -2*o**2 - 101*o - 458. What is l(-46)?
-44
Let m(i) = -62*i + 161. Determine m(3).
-25
Let l(q) = q**3 - 129*q**2 - 396*q - 35. What is l(132)?
-35
Let z(b) = -21*b**2 - 1491*b + 13. Give z(-71).
13
Let c(u) = 5*u**2 + 696*u - 1297. Determine c(-141).
-28
Let w(q) = -14*q - 2. Give w(-1).
12
Let z(y) = y**3 + 14*y**2 - 382*y + 1230. Give z(4).
-10
Let d(u) = 28*u - 538. What is d(12)?
-202
Let z(f) = -f**3 - 28*f**2 - 126*f + 11. Calculate z(-6).
-25
Let v(r) = 53*r - 41. Calculate v(7).
330
Let l(u) = 2*u + 105. Give l(-61).
-17
Let i(j) = -5*j**3 - 59*j**2 + 13*j + 7. Determine i(-12).
-5
Let w(c) = 4*c**2 + 9*c + 62. What is w(-5)?
117
Let q(x) = x**2 - 255*x + 14085. Give q(174).
-9
Let h(l) = -2*l**3 - 10*l**2 - 19*l - 34. Give h(-5).
61
Let c(s) = -2*s**2 + 10*s - 10. Give c(5).
-10
Let z(j) = 3*j**3 + 355*j**2 + 1151*j + 23. What is z(-115)?
-92
Let i(x) = -x**3 - x**2 + 47*x - 29. Calculate i(-7).
-64
Let l(a) = -a**2 - 16*a - 39. Determine l(-6).
21
Let n(h) = h**3 - 10*h**2 + 15*h + 16. Determine n(8).
8
Let t(z) = -42*z - 2903. Determine t(-68).
-47
Let v(j) = -2*j**2 + 53*j - 345. Give v(11).
-4
Let g(c) = -42*c**3 + c**2 - 8*c + 8. What is g(1)?
-41
Let h(w) = w**3 - 17*w**2 - 58*w - 68. Determine h(20).
-28
Let a(b) = 44*b + 471. Calculate a(-12).
-57
Let y(m) = 411*m**3 + 5*m**2 + 12*m + 8. Calculate y(-1).
-410
Let t(n) = 296*n + 1768. Determine t(-6).
-8
Let y(o) = -858*o + 11165. Calculate y(13).
11
Let f(s) = -s**2 + 20*s + 2452. Give f(60).
52
Let r(p) = -263*p**2 - 5524*p - 23. Calculate r(-21).
-2
Let f(s) = 58*s**2 + 1044*s - 9. Determine f(-18).
-9
Let t(k) = 42*k**2 + 297*k - 5. What is t(-7)?
-26
Let h(m) = -130*m - 1953. Determine h(-15).
-3
Let v(b) = -b**3 - 13*b**2 + 9*b + 112. Calculate v(-13).
-5
Let o(z) = -3*z**2 - 76*z - 31. What is o(-25)?
-6
Let q(w) = -26*w - 1025. Calculate q(-35).
-115
Let v(h) = 13*h**3 - 92*h**2 - 2*h + 75. Give v(7).
12
Let d(i) = -13*i**2 - 60*i - 55. What is d(-4)?
-23
Let g(t) = -166*t + 7492. Give g(45).
22
Let m(y) = -3*y - 38. Determine m(-4).
-26
Let v(x) = x**2 - 68*x + 176. Determine v(7).
-251
Let p(x) = -x**2 + 109*x - 1284. Give p(21).
564
Let v(p) = -10*p**3 + 178*p**2 + 36*p + 3. Give v(18).
3
Let g(y) = y**3 - 26*y**2 + 123*y + 10. Determine g(6).
28
Let a(p) = 23*p - 253. What is a(25)?
322
Let x(q) = -3*q**3 - 2*q**2 + 8. Calculate x(-2).
24
Let o(u) = u**2 - 100*u + 2020. Give o(29).
-39
Let x(n) = -n**2 - 24*n - 69. Determine x(-15).
66
Let v(l) = 31*l - 2191. What is v(62)?
-269
Let s(c) = c**3 + 56*c**2 + 21*c - 1869. Give s(-55).
1
Let b(r) = -r**2 + 121*r - 184. Give b(119).
54
Let m(c) = 4*c**2 - 222*c - 130. Calculate m(56).
-18
Let g(x) = -6*x**2 + 77*x + 101. Determine g(13).
88
Let u(z) = z - 112. Calculate u(12).
-100
Let z(i) = -151*i + 497. Calculate z(4).
-107
Let w(o) = 18*o + 671. Give w(-37).
5
Let r(y) = -2070*y + 86930. Give r(42).
-10
Let d(p) = 2*p**3 - 12*p**2 - 35*p + 28. Give d(8).
4
Let n(u) = -6*u + 153. What is n(26)?
-3
Let o(f) = f**3 + 32*f**2 + 247*f - 5. Give o(-19).
-5
Let f(q) = 914*q + 37467. Determine f(-41).
-7
Let j(t) = -4*t - 121. Calculate j(-32).
7
Let h(o) = -5*o**2 - 92*o - 125. What is h(-17)?
-6
Let j(f) = f**3 + 12*f**2 + 31*f + 377. Determine j(-12).
5
Let r(h) = -h**2 - 2376*h - 21316. Calculate r(-9).
-13
Let j(c) = -364*c + 1456. Calculate j(4).
0
Let c(o) = 51*o**2 + 612*o + 18. Determine c(-12).
18
Let r(t) = t**2 + 26*t + 169. Determine r(-7).
36
Let w(r) = -54*r**2 + 67*r - 68. What is w(1)?
-55
Let c(v) = 2*v**2 + 53*v - 54. Determine c(1).
1
Let u(m) = 31*m**2 + 204*m + 311. What is u(-4)?
-9
Let k(g) = 3*g**3 - 120*g**2 + 27. Give k(40).
27
Let v(j) = 2*j**3 + 64*j**2 + 14*j + 194. Determine v(-32).
-254
Let o(n) = -2*n**3 + 39*n**2 + 112*n - 1022. Determine o(21).
7
Let n(c) = -5*c**3 + 33*c**2 - 26*c + 42. Give n(6).
-6
Let i(k) = 5*k**2 - 20*k + 11. What is i(3)?
-4
Let d(n) = -12*n**2 - 340*n + 671. Calculate d(2).
-57
Let l(k) = 80*k - 220. What is l(3)?
20
Let y(f) = f**3 - 16*f**2 - 55*f + 5. Give y(-3).
-1
Let r(i) = 91*i**3 - 3*i**2 - 3*i + 5. Determine r(1).
90
Let k(h) = h**3 + h**2 + 13*